e factors of 2085080.
2, 5, 52127
What are the prime factors of 3283445?
5, 11, 59699
List the prime factors of 184924.
2, 83, 557
What are the prime factors of 166132?
2, 41, 1013
List the prime factors of 329278.
2, 61, 2699
What are the prime factors of 1075047?
3, 358349
List the prime factors of 913299.
3, 304433
What are the prime factors of 1253507?
569, 2203
List the prime factors of 2106661.
997, 2113
What are the prime factors of 716549?
716549
List the prime factors of 134423.
229, 587
What are the prime factors of 4040434?
2, 743, 2719
List the prime factors of 952160.
2, 5, 11, 541
What are the prime factors of 16405073?
1033, 15881
What are the prime factors of 5669450?
2, 5, 149, 761
What are the prime factors of 1316237?
13, 103, 983
List the prime factors of 108472.
2, 7, 13, 149
What are the prime factors of 527354?
2, 263677
What are the prime factors of 230554?
2, 17, 6781
List the prime factors of 2619268.
2, 654817
What are the prime factors of 393481?
11, 35771
What are the prime factors of 1228460?
2, 5, 239, 257
List the prime factors of 2119611.
3, 13, 17, 23, 139
List the prime factors of 338402.
2, 17, 37, 269
List the prime factors of 6601871.
151, 43721
What are the prime factors of 4067968?
2, 61, 521
List the prime factors of 9151597.
7, 13, 19, 67, 79
List the prime factors of 639568.
2, 71, 563
What are the prime factors of 1012722?
2, 3, 61, 2767
List the prime factors of 232663.
232663
List the prime factors of 1549839.
3, 17, 30389
What are the prime factors of 12625825?
5, 505033
List the prime factors of 9271270.
2, 5, 241, 3847
List the prime factors of 2305957.
23, 107, 937
List the prime factors of 8476245.
3, 5, 20929
What are the prime factors of 930911?
930911
What are the prime factors of 6627654?
2, 3, 11, 17, 179
What are the prime factors of 580641?
3, 37, 5231
List the prime factors of 95520.
2, 3, 5, 199
What are the prime factors of 92816?
2, 5801
List the prime factors of 9166732.
2, 2291683
List the prime factors of 3980326.
2, 7, 401, 709
What are the prime factors of 340532?
2, 85133
What are the prime factors of 533500?
2, 5, 11, 97
What are the prime factors of 264101?
264101
List the prime factors of 6155765.
5, 7, 11, 59, 271
List the prime factors of 4185983.
463, 9041
What are the prime factors of 1820168?
2, 7, 32503
What are the prime factors of 779128?
2, 7, 13913
List the prime factors of 2622001.
313, 8377
List the prime factors of 27806331.
3, 7, 29, 45659
What are the prime factors of 9325596?
2, 3, 7, 67, 1657
What are the prime factors of 21833680?
2, 5, 11, 43, 577
List the prime factors of 4589876.
2, 263, 4363
List the prime factors of 15346311.
3, 173, 29569
List the prime factors of 134431.
11, 101
List the prime factors of 114414.
2, 3, 19069
List the prime factors of 266319.
3, 127, 233
List the prime factors of 390608.
2, 24413
What are the prime factors of 896582?
2, 31, 14461
What are the prime factors of 28245?
3, 5, 7, 269
What are the prime factors of 5257349?
5257349
What are the prime factors of 1725468?
2, 3, 53, 2713
What are the prime factors of 3671171?
7, 524453
What are the prime factors of 6417911?
6417911
List the prime factors of 857528.
2, 7, 15313
List the prime factors of 2762363.
43, 227, 283
What are the prime factors of 240728?
2, 30091
What are the prime factors of 665468?
2, 43, 53, 73
List the prime factors of 253782.
2, 3, 23, 613
List the prime factors of 10178353.
10178353
What are the prime factors of 300604?
2, 223, 337
What are the prime factors of 4794499?
41, 337, 347
List the prime factors of 115450.
2, 5, 2309
What are the prime factors of 35101805?
5, 7020361
What are the prime factors of 13146699?
3, 47, 93239
What are the prime factors of 157146?
2, 3, 11, 2381
List the prime factors of 181534.
2, 139, 653
List the prime factors of 3741476.
2, 461, 2029
List the prime factors of 125687.
125687
List the prime factors of 202564.
2, 89, 569
List the prime factors of 106027.
229, 463
What are the prime factors of 1856568?
2, 3, 7, 43, 257
List the prime factors of 140162.
2, 11, 23, 277
What are the prime factors of 585541?
11, 53231
List the prime factors of 5638230.
2, 3, 5, 13, 61, 79
What are the prime factors of 524727?
3, 7, 8329
List the prime factors of 12409872.
2, 3, 258539
List the prime factors of 2836679.
37, 76667
List the prime factors of 706201.
706201
What are the prime factors of 838075?
5, 7, 4789
What are the prime factors of 237973?
237973
What are the prime factors of 140504?
2, 7, 13, 193
What are the prime factors of 6227295?
3, 5, 415153
List the prime factors of 203553.
3, 7, 359
List the prime factors of 4528013.
7, 646859
What are the prime factors of 418678?
2, 13, 16103
What are the prime factors of 2726798?
2, 101, 13499
List the prime factors of 4363853.
13, 335681
List the prime factors of 8298104.
2, 53, 19571
List the prime factors of 300233.
300233
List the prime factors of 503469.
3, 29, 643
What are the prime factors of 64172?
2, 61, 263
What are the prime factors of 12081314?
2, 7, 37, 83, 281
List the prime factors of 1530158.
2, 7, 109297
What are the prime factors of 248857?
7, 73, 487
What are the prime factors of 1400620?
2, 5, 13, 5387
List the prime factors of 3764268.
2, 3, 31, 3373
What are the prime factors of 57861?
3, 2143
What are the prime factors of 35463?
3, 11821
List the prime factors of 652369.
652369
What are the prime factors of 1894285?
5, 439, 863
What are the prime factors of 1930629?
3, 157, 4099
What are the prime factors of 14120271?
3, 11, 47543
What are the prime factors of 1065967?
7, 197, 773
List the prime factors of 6613666.
2, 131, 25243
What are the prime factors of 4952333?
101, 49033
What are the prime factors of 5383042?
2, 7, 19, 59
List the prime factors of 8812265.
5, 7, 11, 47, 487
List the prime factors of 504797.
504797
What are the prime factors of 7866379?
229, 34351
What are the prime factors of 9431129?
257, 36697
List the prime factors of 2724982.
2, 13, 311, 337
What are the prime factors of 204944?
2, 12809
What are the prime factors of 3468847?
71, 48857
List the prime factors of 49285.
5, 9857
What are the prime factors of 7251211?
11, 587, 1123
What are the prime factors of 1946369?
1946369
What are the prime factors of 679869?
3, 75541
List the prime factors of 64785.
3, 5, 7, 617
List the prime factors of 591597.
3, 21911
List the prime factors of 959283.
3, 13, 911
What are the prime factors of 3814059?
3, 1271353
List the prime factors of 10397021.
1531, 6791
What are the prime factors of 3731656?
2, 31, 41, 367
What are the prime factors of 3293688?
2, 3, 19, 31, 233
List the prime factors of 56760.
2, 3, 5, 11, 43
List the prime factors of 44803.
11, 4073
What are the prime factors of 1047484?
2, 307, 853
List the prime factors of 3429936.
2, 3, 23819
What are the prime factors of 150485?
5, 30097
What are the prime factors of 1959300?
2, 3, 5, 7, 311
What are the prime factors of 104378?
2, 52189
List the prime factors of 164808.
2, 3, 7, 109
List the prime factors of 251938.
2, 103, 1223
What are the prime factors of 18243350?
2, 5, 317, 1151
List the prime factors of 367649.
367649
List the prime factors of 130996.
2, 32749
What are the prime factors of 382054?
2, 191027
List the prime factors of 25028217.
3, 926971
What are the prime factors of 423407?
23, 41, 449
List the prime factors of 173787.
3, 53, 1093
What are the prime factors of 646359?
3, 7, 4397
What are the prime factors of 1368295?
5, 131, 2089
List the prime factors of 66144.
2, 3, 13, 53
What are the prime factors of 84849?
3, 28283
What are the prime factors of 286286?
2, 7, 11, 13
What are the prime factors of 269518?
2, 17, 7927
What are the prime factors of 71097?
3, 13, 1823
What are the prime factors of 1386243?
3, 154027
List the prime factors of 164061.
3, 18229
What are the prime factors of 2538080?
2, 5, 29, 547
List the prime factors of 2475907.
7, 577, 613
What are the prime factors of 415132?
2, 67, 1549
What are the prime factors of 18579?
3, 11, 563
List the prime factors of 2142819.
3, 7, 43, 113
What are the prime factors of 1342617?
3, 521, 859
List the prime factors of 2226484.
2, 13, 47, 911
List the prime factors of 1952503.
7, 39847
List t